 composite?
False
Is 33768350461 a prime number?
False
Is 20622985 a composite number?
True
Is 583666961 prime?
True
Is 448792195919 prime?
True
Is 7846739 composite?
False
Is 460754507 composite?
True
Is 6854442919 a composite number?
False
Is 2926715423 a composite number?
True
Is 120430943 a prime number?
False
Is 3776088793 prime?
True
Is 18357558587 composite?
False
Is 52871155547 composite?
True
Is 1611130331 composite?
True
Is 11842030973 a composite number?
True
Is 16342187 prime?
True
Is 12531350021 a composite number?
False
Is 13151532743 prime?
False
Is 5633086873 a composite number?
True
Is 329909758 prime?
False
Is 332051791 prime?
False
Is 4139162981 composite?
False
Is 85738777493 composite?
True
Is 6119588879 a prime number?
True
Is 28897788509 composite?
False
Is 46403971127 a prime number?
False
Is 23250954017 composite?
True
Is 428303011 prime?
True
Is 36733669529 prime?
True
Is 50717899 a composite number?
False
Is 8483309761 a composite number?
True
Is 6917198369 a prime number?
True
Is 4777358141 a composite number?
False
Is 3588130643 a composite number?
False
Is 3177463301 prime?
True
Is 817196837 prime?
False
Is 13242281123 a prime number?
True
Is 436295879 prime?
False
Is 3103424567 composite?
True
Is 49254378637 prime?
True
Is 3594493103 a prime number?
True
Is 389342831 prime?
True
Is 8152559231 a composite number?
True
Is 1361133751 a composite number?
True
Is 1210370323 a prime number?
True
Is 339002341 prime?
True
Is 4849590079 composite?
False
Is 215482218043 a prime number?
True
Is 1368378389 composite?
True
Is 669212107 a composite number?
True
Is 25028184455 prime?
False
Is 3074045861 a prime number?
False
Is 9430637 prime?
False
Is 41856986891 a prime number?
False
Is 1820428279 composite?
True
Is 15218166823 a composite number?
False
Is 4180609151 prime?
False
Is 1711934141 a prime number?
True
Is 108460477663 a prime number?
False
Is 2276003326 a composite number?
True
Is 1578559597 prime?
False
Is 7400968387 a prime number?
False
Is 46227684631 prime?
True
Is 16808058629 a composite number?
True
Is 3378097049 composite?
False
Is 46276104089 a prime number?
True
Is 8991943447 a prime number?
False
Is 151780754039 composite?
False
Is 346753189 prime?
False
Is 1940857693 composite?
True
Is 85739529311 composite?
False
Is 1959932683 a prime number?
True
Is 5300673061 prime?
True
Is 12670823329 a prime number?
False
Is 1040415667 composite?
False
Is 14344480555 prime?
False
Is 35919770519 composite?
True
Is 194503031 prime?
True
Is 440564896417 composite?
False
Is 1041311582 composite?
True
Is 385627399 a composite number?
False
Is 29412622097 prime?
False
Is 5899881289 a prime number?
False
Is 199185149377 prime?
True
Is 243476638171 a prime number?
False
Is 2001244043 prime?
True
Is 733355039 prime?
True
Is 428263181 a composite number?
False
Is 15724437429 composite?
True
Is 4544936259 composite?
True
Is 1017631933 a composite number?
True
Is 1519020847 composite?
False
Is 13649731763 composite?
False
Is 17700258703 a composite number?
True
Is 117049542911 prime?
False
Is 23856577703 a prime number?
False
Is 2403605077 a prime number?
False
Is 277818109 a composite number?
False
Is 2229507607 prime?
True
Is 7611278903 prime?
True
Is 10030182457 composite?
False
Is 470317 composite?
False
Is 3899076967 a composite number?
True
Is 14997696121 composite?
False
Is 948159985 composite?
True
Is 1620682211 a composite number?
False
Is 313624019 a prime number?
False
Is 195045905 a prime number?
False
Is 773068987 prime?
True
Is 266988427 a composite number?
True
Is 50583497369 a composite number?
False
Is 294912691 composite?
True
Is 5013526893 prime?
False
Is 670417963 composite?
False
Is 395229389 a prime number?
True
Is 56916021541 a prime number?
False
Is 2744480953 a composite number?
True
Is 418303399 a composite number?
False
Is 600784109 a composite number?
True
Is 12602570011 a prime number?
False
Is 4647370867 composite?
False
Is 170674359827 a composite number?
False
Is 66311435797 a composite number?
True
Is 41006902899 composite?
True
Is 3680783753 a composite number?
False
Is 82314458881 prime?
False
Is 147445289071 a prime number?
False
Is 1113221059 prime?
False
Is 296384471 a composite number?
False
Is 20321197633 a composite number?
True
Is 76112764759 a composite number?
False
Is 6537641309 a composite number?
True
Is 402601447 a prime number?
False
Is 139921768529 prime?
False
Is 7048627877 prime?
True
Is 144362326847 composite?
False
Is 6104845421 a prime number?
True
Is 4203956597 prime?
False
Is 141874561 composite?
True
Is 1187726513 prime?
False
Is 2377480403 a composite number?
False
Is 7882790693 a prime number?
False
Is 10521385637 a composite number?
True
Is 18971321671 prime?
True
Is 11693538931 prime?
True
Is 45456779141 composite?
False
Is 37321270423 prime?
False
Is 5118163487 a prime number?
False
Is 214252699 a composite number?
False
Is 1303897009 a composite number?
True
Is 87802680781 composite?
True
Is 13531166321 composite?
True
Is 8154925439 prime?
False
Is 971126999 a prime number?
False
Is 7972604719 a composite number?
False
Is 7699104631 a prime number?
False
Is 158748090101 prime?
True
Is 235780031 a composite number?
False
Is 12413970643 a prime number?
False
Is 1268093627 a prime number?
False
Is 3432591571 composite?
False
Is 12309659909 a prime number?
True
Is 68967023 prime?
True
Is 1954202309 a composite number?
True
Is 431942887 prime?
True
Is 6844868867 composite?
True
Is 16103446201 composite?
False
Is 39908879 prime?
True
Is 253573393361 prime?
True
Is 10638992459 a composite number?
True
Is 105989282413 composite?
True
Is 24439252847 a prime number?
True
Is 5811288529 a composite number?
True
Is 1737835643 a prime number?
False
Is 4732505219 a composite number?
True
Is 1626346451 a prime number?
False
Is 1329152613 a composite number?
True
Is 222849541 composite?
False
Is 956855197 a composite number?
False
Is 10338333069 composite?
True
Is 790768807 composite?
True
Is 154149041 prime?
True
Is 1361671331 prime?
True
Is 51404554457 a prime number?
False
Is 113774797 prime?
True
Is 11943456011 a prime number?
True
Is 5446014997 composite?
False
Is 2479201381 composite?
False
Is 25931116051 composite?
True
Is 17934639083 prime?
False
Is 1144617511 a composite number?
False
Is 14603533502 prime?
False
Is 20561509051 prime?
False
Is 1328286259 a prime number?
True
Is 4960025779 prime?
False
Is 1842856342 composite?
True
Is 3627662953 prime?
True
Is 2426856151 composite?
False
Is 80033177891 prime?
False
Is 4596350461 prime?
False
Is 1364246309 a composite number?
False
Is 1312622693 prime?
False
Is 141662740669 composite?
True
Is 919623217 a composite number?
True
Is 1129371283 a prime number?
True
Is 6939728509 prime?
False
Is 168195991 a prime number?
True
Is 927970543 prime?
True
Is 88034644199 composite?
False
Is 515166331 composite?
True
Is 19313767511 a composite number?
False
Is 497472337 prime?
False
Is 2622755983 prime?
False
Is 605282863 a prime number?
True
Is 26089232779 composite?
False
Is 4180677827 prime?
False
Is 3458595433 prime?
True
Is 2065583407 prime?
True
Is 9070209979 composite?
False
Is 399449977831 a prime number?
True
Is 2206797347 a prime number?
False
Is 12826620623 a prime number?
True
Is 8324589587 composite?
False
Is 85865391797 a prime number?
True
Is 4405737685 a composite number?
True
Is 4320056803 composite?
True
Is 859288013 prime?
True
Is 453578053 a composite number?
False
Is 209265583 a composite number?
True
Is 19215912187 a prime number?
False
Is 17678713187 composite?
False
Is 2601958279 prime?
False
Is 288106003 a prime number?
False
Is 17540112983 prime?
True
Is 23456962897 prime?
False
Is 23413216349 a composite number?
False
Is 4473334169 prime?
False
Is 1282051159 a composite number?
True
Is 384600509 a prime number?
True
Is 141871716223 prime?
True
Is 211804128147 a composite number?
True
Is 2932583201 prime?
False
Is 699768887 composite?
False
Is 6324310963 composite?
False
Is 15651059519 composite?
True
Is 666997343 a composite number?
False
Is 19677078293 a composite number?
True
Is 597228934 a prime number?
False
Is 202950661 a composite number?
True
Is 27149358473 a prime number?
True
Is 416858977 a prime 